False
Is 43 a factor of 13488?
False
Is 427 a multiple of 23?
False
Does 62 divide 919?
False
Is 11 a factor of 15917?
True
Is 258 a factor of 1032?
True
Does 90 divide 49950?
True
Is 24 a factor of 857?
False
Is 1127 a multiple of 23?
True
Is 46 a multiple of 14?
False
Does 82 divide 31898?
True
Is 24 a factor of 4051?
False
Does 4 divide 1175?
False
Is 44864 a multiple of 33?
False
Is 6 a factor of 198?
True
Is 36 a factor of 103?
False
Is 4392 a multiple of 37?
False
Is 2265 a multiple of 13?
False
Is 16647 a multiple of 179?
True
Is 11 a factor of 13514?
False
Is 320 a multiple of 31?
False
Does 54 divide 4031?
False
Is 40 a factor of 6920?
True
Does 84 divide 1081?
False
Is 3271 a multiple of 95?
False
Does 4 divide 98?
False
Is 13985 a multiple of 136?
False
Is 12087 a multiple of 79?
True
Does 12 divide 69?
False
Does 82 divide 3897?
False
Is 15774 a multiple of 8?
False
Is 83 a factor of 26228?
True
Is 11 a factor of 693?
True
Is 36 a factor of 5652?
True
Is 50 a factor of 2750?
True
Does 14 divide 1218?
True
Is 95 a factor of 8265?
True
Does 341 divide 2738?
False
Does 23 divide 1271?
False
Is 30 a factor of 1260?
True
Does 81 divide 6075?
True
Is 5 a factor of 2732?
False
Is 38 a factor of 1965?
False
Does 12 divide 51?
False
Does 111 divide 1998?
True
Is 7 a factor of 55321?
True
Is 39996 a multiple of 40?
False
Does 22 divide 1641?
False
Is 13708 a multiple of 9?
False
Is 2884 a multiple of 3?
False
Is 2250 a multiple of 15?
True
Does 2 divide 10?
True
Is 258 a multiple of 4?
False
Does 14 divide 6141?
False
Is 24 a factor of 4536?
True
Is 133823 a multiple of 35?
False
Is 43 a factor of 858?
False
Is 882 a multiple of 13?
False
Is 2106 a multiple of 117?
True
Does 62 divide 5510?
False
Does 21 divide 231?
True
Does 30 divide 3960?
True
Is 12 a factor of 504?
True
Does 4 divide 4820?
True
Is 60 a factor of 1380?
True
Is 14 a factor of 30786?
True
Does 12 divide 2168?
False
Does 129 divide 39603?
True
Is 9 a factor of 396?
True
Is 27 a factor of 1944?
True
Is 710 a multiple of 10?
True
Is 81 a factor of 2430?
True
Is 54 a factor of 2207?
False
Is 64 a factor of 27136?
True
Is 10341 a multiple of 8?
False
Does 122 divide 11464?
False
Does 64 divide 6462?
False
Is 396 a factor of 6297?
False
Does 24 divide 624?
True
Is 44 a multiple of 2?
True
Does 14 divide 5838?
True
Is 12 a factor of 1284?
True
Is 6295 a multiple of 16?
False
Is 35 a factor of 1290?
False
Does 268 divide 28560?
False
Does 74 divide 2072?
True
Is 4053 a multiple of 7?
True
Is 12564 a multiple of 37?
False
Does 122 divide 57399?
False
Is 48 a factor of 29520?
True
Is 56 a factor of 35224?
True
Does 24 divide 3216?
True
Does 11 divide 275?
True
Is 7118 a multiple of 19?
False
Is 19001 a multiple of 113?
False
Does 110 divide 48180?
True
Is 331 a factor of 54771?
False
Is 608 a multiple of 16?
True
Does 9 divide 295?
False
Does 3 divide 45?
True
Does 18 divide 771?
False
Is 7085 a multiple of 65?
True
Does 60 divide 11340?
True
Is 18 a factor of 8820?
True
Is 118 a factor of 708?
True
Is 19 a factor of 28915?
False
Is 4 a factor of 270?
False
Does 22 divide 30139?
False
Does 247 divide 53599?
True
Is 84 a factor of 7225?
False
Is 25 a factor of 2750?
True
Does 60 divide 960?
True
Is 1134 a multiple of 5?
False
Is 9 a factor of 3881?
False
Is 978 a multiple of 3?
True
Is 2349 a multiple of 29?
True
Does 36 divide 2586?
False
Is 167 a factor of 14863?
True
Does 18 divide 1229?
False
Is 4830 a multiple of 10?
True
Does 8 divide 27447?
False
Is 17 a factor of 9098?
False
Is 73 a factor of 1291?
False
Is 558 a multiple of 9?
True
Is 15 a factor of 435?
True
Is 5208 a multiple of 42?
True
Does 11 divide 9363?
False
Is 51 a factor of 19278?
True
Does 4 divide 159?
False
Is 3 a factor of 1659?
True
Does 29 divide 98571?
True
Does 115 divide 15334?
False
Is 3 a factor of 24?
True
Is 4 a factor of 77?
False
Is 231 a factor of 12188?
False
Is 5 a factor of 15?
True
Is 14 a factor of 38740?
False
Does 191 divide 58637?
True
Is 8 a factor of 4032?
True
Does 55 divide 25080?
True
Is 1120 a multiple of 16?
True
Is 272 a multiple of 16?
True
Is 176 a multiple of 16?
True
Is 22 a factor of 8754?
False
Is 14 a factor of 24640?
True
Does 40 divide 6320?
True
Is 842 a multiple of 10?
False
Does 29 divide 174?
True
Is 41186 a multiple of 13?
False
Is 1090 a multiple of 40?
False
Does 10 divide 280?
True
Is 16 a factor of 619?
False
Is 19 a factor of 2565?
True
Is 4 a factor of 1988?
True
Is 20 a factor of 206?
False
Is 108 a multiple of 6?
True
Does 8 divide 240?
True
Does 16 divide 29565?
False
Does 28 divide 196?
True
Is 282 a multiple of 47?
True
Is 4 a factor of 13247?
False
Is 63675 a multiple of 45?
True
Does 33 divide 329?
False
Is 117403 a multiple of 13?
True
Is 128 a factor of 1024?
True
Is 246 a multiple of 27?
False
Is 55 a factor of 8031?
False
Does 25 divide 150?
True
Does 4 divide 911?
False
Does 11 divide 42218?
True
Is 1483 a multiple of 10?
False
Is 19266 a multiple of 57?
True
Does 12 divide 1428?
True
Is 169 a multiple of 7?
False
Is 3531 a multiple of 19?
False
Is 2418 even?
True
Is 1050 a multiple of 9?
False
Is 3 a factor of 258?
True
Is 152 a multiple of 2?
True
Is 5202 a multiple of 102?
True
Is 80 a multiple of 8?
True
Is 76 a factor of 2003?
False
Does 65 divide 9230?
True
Is 672 even?
True
Does 64 divide 2164?
False
Is 21 a factor of 30874?
False
Does 24 divide 254?
False
Is 321 a multiple of 26?
False
Is 32 a factor of 211?
False
Is 160 a multiple of 7?
False
Is 30 a factor of 565?
False
Does 26 divide 74230?
True
Is 10491 a multiple of 39?
True
Is 592 a multiple of 4?
True
Is 715 a multiple of 38?
False
Does 84 divide 48468?
True
Does 54 divide 918?
True
Is 119 a factor of 17628?
False
Is 28 a factor of 2716?
True
Does 13 divide 1192?
False
Does 9 divide 71?
False
Is 2 a factor of 588?
True
Does 9 divide 3690?
True
Does 2 divide 7?
False
Is 13 a factor of 4407?
True
Does 7 divide 3672?
False
Is 463 a multiple of 3?
False
Is 32604 a multiple of 66?
True
Does 30 divide 425?
False
Is 4099 a multiple of 22?
False
Does 9 divide 51515?
False
Is 4961 a multiple of 13?
False
Is 102 a multiple of 6?
True
Is 13379 a multiple of 2?
False
Is 3 a factor of 380?
False
Is 15 a factor of 855?
True
Does 15 divide 90?
True
Is 16 a factor of 10161?
False
Is 4 a factor of 201?
False
Does 13 divide 23166?
True
Is 122 a multiple of 3?
False
Is 26 a factor of 7202?
True
Does 20 divide 2540?
True
Is 8893 a multiple of 12?
False
Does 44 divide 528?
True
Is 24 a factor of 63158?
False
Does 34 divide 680?
True
Does 5 divide 14575?
True
Is 11 a factor of 649?
True
Is 8 a factor of 3728?
True
Is 39 a factor of 156?
True
Does 19 divide 14834?
False
Is 3 a factor of 26788?
False
Does 8 divide 249?
False
Does 12 divide 38268?
True
Does 47 divide 267?
False
Is 5027 a multiple of 9?
False
Does 23 divide 33902?
True
Does 44 divide 4840?
True
Does 5 divide 833?
False
Is 95 a factor of 6848?
False
Is 6812 a multiple of 52?
True
Is 151 a factor of 4077?
True
Is 92 a multiple of 46?
True
Does 47 divide 14382?
True
Is 29 a factor of 406?
True
Is 77 a factor of 2565?
False
Is 13 a factor of 23650?
False
Is 2661 a multiple of 79?
False
Is 96 a factor of 8640?
True
Does 17 divide 163?
False
Is 20886 a multiple of 59?
True
Does 16 divide 1652?
False
Is 150 a multiple of 14?
False
Is 53 a factor of 747?
False
Does 40 divide 8506?
False
Is 28 a factor of 3683?
False
Is 12 a factor of 78307?
False
Does 22 divide 6424?
True
Does 25 divide 12175?
True
Does 40 divide 2040?
True
Is 565 a multiple of 20?
False
Is 72 a factor of 4576?
False
Does 10 divide 11797?
False
Is 21132 a multiple of 18?
True
Does 5 divide 832?
False
Is 107 a factor of 9829?
False
Is 2183 a multiple of 59?
True
Is 40 a factor of 20080?
True
Does 11 divide 4447?
False
Is 33 a factor of 77?
False
Does 7 divide 4674?
False
Is 1743 a multiple of 21?
True
Is 2200 a multiple of 11?
True
Is 11 a factor of 3300?
True
Does 15 divide 9801?
False
Is 18 a factor of 12042?
True
Does 67 divide 16013?
True
Is 97 a factor of 1552?
True
Is 118 a factor of 4655?
False
Does 9 divide 22653?
True
Is 60 a factor of 48956?
False
Does 42 divide 7980?
True
Does 43 divide 426?
False
Does 129 divide 97832?
False
Is 13475 a multiple of 83?
False
Does 24 divide 